tors of n?
37
Let a(y) = -3179*y - 616. List the prime factors of a(-1).
11, 233
Let w(f) = f**3 - 7*f. Let r be w(-2). List the prime factors of r/(-93) - (-1397)/31.
3, 5
Let v = 1373 + -803. Let g = -402 + v. What are the prime factors of g?
2, 3, 7
Suppose 2*c + 3*o + 3 = 0, 2*c + 4*o = -4 - 0. Suppose 21*d - 4 = 22*d, c = -5*w + d + 4234. List the prime factors of w.
2, 3, 47
Let x = 14593 + -5609. List the prime factors of x.
2, 1123
Suppose -3*c + 4*m - 12 = -7*c, 4*m - 17 = -5*c. Suppose 0 = -4*o + c*k + 68 - 192, -3*o = 5*k + 58. Let d = 149 + o. What are the prime factors of d?
3, 41
Let c = 13174 - 10490. List the prime factors of c.
2, 11, 61
Let b(o) = 66*o**3 + 8*o**2 - 155*o - 14. What are the prime factors of b(10)?
2, 47, 347
Let u(k) = 11*k. Let j(c) = 2*c**2 + c + 1. Let v be j(-2). Let o be u(v). Let i = o - -42. List the prime factors of i.
7, 17
Let v(p) = -p**3 + 22*p**2 - 5*p - 21. Let c be v(13). Suppose -12*d + z = -7*d - c, d = -3*z + 303. What are the prime factors of d?
2, 3
Let k(y) = y**3 - 8*y + 2. Let u be k(3). Suppose -4*h + 4*c + 647 = -257, c + 1146 = u*h. Suppose 14*d = 16*d - h. List the prime factors of d.
5, 23
Suppose 0 = w - 7*w + 36. Suppose -30 = -w*m + m. List the prime factors of ((-4641)/m)/(-7) - 3/(-6).
3, 37
Suppose -4*w + 8710 = w + 9*s, -2*w = 5*s - 3477. List the prime factors of w.
17, 103
Let q(k) = k**2 - 15*k + 19. Let l(i) = i**2 - 22. Let a be l(6). Let u be q(a). Suppose 2*h = -4*w + 3*h + 399, h + 498 = u*w. What are the prime factors of w?
3, 11
Let g be (2/3)/((-10)/(-7185)). Let d = -273 + g. List the prime factors of d.
2, 103
Suppose -2*f = 3*v - 18554, 12376 = 2*v + 25*f - 27*f. List the prime factors of v.
2, 3, 1031
Let u(i) = -i**3 - 10*i**2 - 47*i + 26. Let y be u(-11). Suppose -o = -2*z + 1284, -6*o + o + y = z. What are the prime factors of z?
2, 7, 23
Suppose -38*y + 20*y - 25095 = -23*y. List the prime factors of y.
3, 7, 239
Let o(y) = 9*y + 114. Let z be o(-5). Suppose 63*m - z*m + 2760 = 0. List the prime factors of m.
2, 5, 23
Suppose 12 = -3*n, -2*b + 0*b - 122 = -4*n. Let a = 264 + b. What are the prime factors of a?
3, 5, 13
Suppose -3*v + 2471 = -2*b, -3*b + 4120 = 5*v - 8*b. Suppose v*x - 819*x - 1644 = 0. What are the prime factors of x?
3, 137
Suppose 40 = -r + 89. Let c = 322 + r. List the prime factors of c.
7, 53
Let a(p) be the second derivative of p**5/20 - 17*p**4/12 + 7*p**3/6 - 17*p**2/2 + 2*p. Let z be a(17). Suppose 4*c = c + z. List the prime factors of c.
2, 17
Let z(l) = 128*l - 1875. List the prime factors of z(42).
3, 389
Let x be ((-4)/26 - 160/(-26))*-1. Let q(r) = -6*r**3 + r + 19. List the prime factors of q(x).
7, 11, 17
Let u = 555 - -4511. What are the prime factors of u?
2, 17, 149
Suppose -4*a = y - 84062, 3*a + 14*y = 10*y + 63040. What are the prime factors of a/28 - (-8)/(-14)?
2, 3, 5
Let y be (-3)/(-1) - 3/(15/5). Suppose 2*k + 2*k - y*s - 2658 = 0, 0 = s - 1. Suppose 0 = -36*i + 43*i - k. List the prime factors of i.
5, 19
List the prime factors of (-146*393)/(-8 - (-3 + -3)).
3, 73, 131
Let d = 5861 + 10282. List the prime factors of d.
3, 5381
What are the prime factors of ((-6)/(-21) + 291*(-7)/(-588))*14128?
2, 3, 5, 883
Suppose 3*k + 2*j - 10167 = 0, -3877*k + 3873*k + 13556 = 2*j. List the prime factors of k.
3389
Let u be 9/21 + 2 + (-8)/(-14). Suppose -5*t + 515 = u*k, -2*t = -k - 53 - 164. What are the prime factors of t?
2, 53
Let o = -1645 + 13978. What are the prime factors of o?
3, 4111
Suppose -83*s + 723634 = 54*s. What are the prime factors of s?
2, 19, 139
Let w be (154/(-55))/(2 + 662/(-330)). Let f = 978 - w. What are the prime factors of f?
2, 3, 43
Let x = 8 - 8. Let u = -276 - -280. Suppose u*j - 694 + 82 = x. What are the prime factors of j?
3, 17
Suppose -2*i - 5*s = -167, -4*s = -i + 73 + 4. Let z = i + 23. List the prime factors of z.
2, 13
Let h(u) = u**2 - 9*u - 25. Suppose -4*o = -3*o + 5*p + 35, -2*p + 52 = -4*o. List the prime factors of h(o).
5, 67
Let y(w) = -49*w + 95. Let c be (37/(-111))/((-1)/(-33)). What are the prime factors of y(c)?
2, 317
Suppose 15*z - 17*z - 10 = 0. Let j(y) = -y**3 + 12*y**2 + 43*y + 1. What are the prime factors of j(z)?
211
Suppose -i = c - 3063 - 6485, -i - 47740 = -5*c. What are the prime factors of c?
2, 7, 11, 31
Suppose -3*c = 4*h - 121, -40 + 191 = 4*h - 3*c. Let k = h - -695. List the prime factors of k.
3
Let w be (-90 + 59)*(-1 + (-6)/(-2)). Let q(p) = p**3 - 2*p**2 + p + 6. Let o be q(5). Let b = o + w. List the prime factors of b.
2, 3
Let f = -28028 + 46124. List the prime factors of f.
2, 3, 13, 29
Let x(r) = r**3 + 33*r**2 - 54*r - 22. List the prime factors of x(-28).
2, 5, 541
Suppose 0 = -5*s - 44*s - 26460. Let j = s + 1778. List the prime factors of j.
2, 619
Suppose 6*b - 2*b = -3*j + 54177, 3*j = b + 54162. What are the prime factors of j?
5, 23, 157
Let l(n) = n**3 + 14*n**2 - 74*n - 46. Let r(w) = w**2 - w - 2. Let h(x) = -l(x) - 6*r(x). List the prime factors of h(-24).
2, 13, 17
Suppose -3*w + 230*h - 233*h = -7896, 2*h - 13151 = -5*w. What are the prime factors of w?
11, 239
Suppose -5*z = 4*v - 92, -5*v + 31 = 5*z - 79. Let t = 60 - v. List the prime factors of (-18)/t - 4884/(-28).
2, 3, 29
What are the prime factors of (-5 - 1192/(-168)) + 2/(-21) - -6089?
6091
Let c be (-975)/(-10)*8/12. Suppose 2*u = w + c, -4*u - 3*w = w - 136. Suppose 2*y - 9 - 9 = -2*j, u = 4*j + y. List the prime factors of j.
2
Let a be (-2)/(-4)*(-6 + -1 + -1). Let w(k) = -4*k**3 - 5*k**2 + k + 9. List the prime factors of w(a).
181
Let f(k) be the first derivative of 4*k**3 + 7*k**2/2 - 13*k + 45. Let n be f(9). Suppose 336 = -7*i + n. List the prime factors of i.
2, 7
Let n(d) = -8*d - 16. Let c be n(-2). Suppose 260 = 4*a - 3*q, c = 4*a - 5*q - 109 - 143. List the prime factors of a.
2, 17
Let k(f) = f**3 - 11*f**2 + 24*f + 22. Suppose 0 = y + y + 8, m + 3*y + 2 = 0. What are the prime factors of k(m)?
2, 3
Suppose 5*t - 3421 = -2*k, -5*k + 255*t + 8584 = 257*t. What are the prime factors of k?
2, 859
Let x(a) = a**2 - 3*a - 1. Let f(w) = 5*w + 30. Let y be f(-7). Let z be (21 + y - 4) + -3. List the prime factors of x(z).
53
Suppose -2*q - 5*z + 11388 = 0, -4*z - 7555 = -q - 1887. What are the prime factors of q?
2, 7, 29
Let f(k) = 106*k**2 - 3*k + 1. Suppose -299 + 293 = -3*w. What are the prime factors of f(w)?
419
Suppose 0 = 5*o - 7 + 12. Let n(r) = -374*r**3 - r**2 - r. List the prime factors of n(o).
2, 11, 17
Let j = -5881 - -6096. List the prime factors of j.
5, 43
Suppose -4*y - 14*i = -11*i - 2920, -2*i - 2920 = -4*y. Suppose 4*m = y + 494. List the prime factors of m.
2, 3, 17
Let n(o) = 77*o - 4717. What are the prime factors of n(98)?
3, 23, 41
Let g = 907 + -601. Suppose -x + 94 = c, 18*c = 15*c + 3*x + g. List the prime factors of c.
2, 7
Let w be -6 + 3516/6*11. Suppose -8*c = -0*c - w. What are the prime factors of c?
5, 7, 23
Let j(r) = 4*r**2 - 49*r - 15. Let a be j(15). What are the prime factors of (-26520)/(-14) - (-4 - a/(-35))?
2, 947
Suppose 651*n = 656*n + 340. Let u = 107 - n. List the prime factors of u.
5, 7
List the prime factors of ((-21308)/(-42))/(6/9).
761
Suppose 12933 = 10*f - 54577. Suppose 0 = 8*u + 319 - f. List the prime factors of u.
2, 3, 67
Let k be -4 - ((-658)/8 + (-2)/(-8)). What are the prime factors of k*(-6 + 46/4)?
3, 11, 13
Let j(f) = -f - 5. Let s be j(-2). Let i be s - ((-2)/3 + (-28)/12). Suppose i = -7*k + 158 - 4. What are the prime factors of k?
2, 11
Suppose -3*w + 19 = -5*m - 177, w - 71 = -4*m. Let q = w + 44. List the prime factors of q.
3, 37
Let w be (-20)/(-50) + (-12)/(-20). What are the prime factors of 81 + -7 + (5 - 3 - w)?
3, 5
Let t(w) = -w**3 + 18*w**2 - 10*w + 16849. List the prime factors of t(0).
7, 29, 83
Let a = 545 - 245. Let b = 211 + a. What are the prime factors of b?
7, 73
Let g(q) = -3*q**3 + q**2 - 6*q + 4. Let i be g(-4). Let z = 263 - i. What are the prime factors of z?
3
Suppose 0 = 5*g - 3*q - 454620, -2*g + 48125 + 133723 = -3*q. What are the prime factors of g?
2, 3, 7577
What are the prime factors of ((-14134)/5)/(2/(-15)*3)?
37, 191
Suppose -5*v + 1783 + 1212 = -2*p, -2396 = -4*v - 5*p. Suppose 0 = 2*i - 1929 + v. What are the prime factors of i?
5, 7, 19
Let l(m) 